(base 8) in base 10?
1305
-1669 (base 11) to base 12
-1298
What is -381 (base 16) in base 5?
-12042
Convert 1011010111 (base 2) to base 16.
2d7
-21011 (base 3) to base 12
-141
What is 413 (base 8) in base 7?
531
What is -68ba (base 12) in base 2?
-10110110001110
Convert 20111 (base 4) to base 7.
1361
2055 (base 11) to base 12
16aa
744 (base 9) to base 11
502
Convert -4806 (base 10) to base 13.
-2259
-53c2 (base 16) to base 8
-51702
Convert -10010101000 (base 2) to base 3.
-1122011
-1101001010101 (base 2) to base 16
-1a55
Convert 534 (base 7) to base 13.
17a
Convert 105 (base 12) to base 11.
126
-13395 (base 13) to base 2
-1000101111000101
What is 1401 (base 6) in base 15?
191
2525 (base 8) to base 14
6d7
-415 (base 6) to base 15
-a5
Convert 120004 (base 5) to base 4.
1010123
What is db (base 16) in base 8?
333
-23333 (base 4) to base 7
-2144
Convert 102232 (base 4) to base 6.
5314
5465 (base 7) to base 5
30313
Convert b6c7 (base 16) to base 10.
46791
Convert 11201110 (base 3) to base 16.
d71
Convert 1152 (base 10) to base 12.
800
What is 107 (base 16) in base 9?
322
What is 4266 (base 16) in base 6?
210410
2a0 (base 15) to base 7
1515
What is 226344 (base 7) in base 16?
9ecd
What is 1120101 (base 3) in base 16?
478
What is 101000100100100 (base 2) in base 16?
5124
Convert 1300 (base 6) to base 9.
400
-32024 (base 5) to base 13
-c87
-47 (base 13) to base 14
-43
What is 24020 (base 5) in base 14?
8da
What is 11402 (base 7) in base 10?
2942
What is 100112 (base 5) in base 9?
4287
What is -12404 (base 8) in base 10?
-5380
-11223 (base 5) to base 6
-3433
What is 1032302 (base 4) in base 14?
1ba2
d68 (base 16) to base 15
103c
What is 101001002 (base 3) in base 14?
294b
What is -101010110000 (base 2) in base 14?
-dd6
310031 (base 4) to base 6
23245
Convert -460 (base 7) to base 6.
-1034
Convert 1abd3 (base 14) to base 9.
113484
2102202 (base 3) to base 6
12115
-14420 (base 5) to base 4
-103103
1200 (base 14) to base 5
100021
What is -4085 (base 14) in base 16?
-2b55
-305524 (base 6) to base 7
-131506
-5553 (base 7) to base 14
-a2a
What is 1463 (base 12) in base 8?
4513
Convert -2b4 (base 12) to base 3.
-120201
What is 16215 (base 8) in base 5?
213214
Convert -1274 (base 8) to base 10.
-700
b5b3 (base 15) to base 11
26956
221010010 (base 3) to base 5
1041214
-1202504 (base 6) to base 4
-33111220
21133 (base 5) to base 2
10110001010
Convert -3747 (base 10) to base 6.
-25203
238 (base 12) to base 9
408
Convert -3a1 (base 16) to base 2.
-1110100001
What is -17 (base 10) in base 12?
-15
What is 1022 (base 9) in base 15?
34e
167 (base 9) to base 7
262
What is -246 (base 9) in base 16?
-cc
Convert 12158 (base 10) to base 7.
50306
What is 288 (base 9) in base 10?
242
Convert 2122 (base 6) to base 12.
342
-308 (base 11) to base 13
-227
Convert 120051 (base 6) to base 12.
6027
Convert 113030 (base 4) to base 16.
5cc
What is -119 (base 12) in base 9?
-203
What is -3c9b (base 14) in base 3?
-112201002
Convert cb (base 16) to base 8.
313
What is -11412 (base 5) in base 9?
-1152
What is -ac3 (base 15) in base 11?
-1912
-11010010100110 (base 2) to base 16
-34a6
2251 (base 6) to base 15
25a
c9 (base 13) to base 8
245
What is -25c (base 14) in base 2?
-111011010
What is -50dc (base 14) in base 10?
-13914
12103 (base 4) to base 5
3103
What is -806 (base 12) in base 13?
-6b1
What is -11201000 (base 3) in base 9?
-4630
What is 10110 (base 2) in base 9?
24
What is 14311 (base 5) in base 3?
1122200
What is 132231 (base 4) in base 11?
1527
Convert -221012201 (base 3) to base 14.
-69ab
Convert -102210 (base 3) to base 10.
-318
What is 12a5 (base 11) in base 12?
b88
What is -1852 (base 9) in base 2?
-10110010000
25244 (base 6) to base 3
12011201
Convert be9 (base 15) to base 13.
12c3
-231231 (base 5) to base 6
-102300
11100111 (base 2) to base 7
450
Convert -1211222 (base 3) to base 11.
-1017
8551 (base 11) to base 3
120111212
Convert -15a (base 16) to base 2.
-101011010
What is -4000 (base 13) in base 14?
-32ba
What is -54 (base 8) in base 15?
-2e
What is 1241a (base 14) in base 6?
543000
Convert 4155 (base 7) to base 5.
21321
Convert -220212201 (base 3) to base 9.
-26781
-76444 (base 8) to base 15
-975b
509 (base 10) to base 4
13331
Convert 46960 (base 10) to base 2.
1011011101110000
-191 (base 10) to base 6
-515
What is 5e0 (base 16) in base 8?
2740
Convert -166 (base 7) to base 2.
-1100001
Convert 9b (base 12) to base 11.
a9
-2810 (base 11) to base 13
-1871
What is 1b60 (base 12) in base 9?
4570
What is a98 (base 13) in base 4?
130113
What is 12220 (base 4) in base 7?
1144
What is 2000232 (base 4) in base 10?
8238
Convert 1402 (base 7) to base 10.
541
What is -13 (base 5) in base 3?
-22
Convert 1512 (base 6) to base 13.
251
What is -1194 (base 10) in base 9?
-1566
What is 5a1 (base 11) in base 4?
23030
4363 (base 9) to base 5
100331
Convert 135645 (base 7) to base 13.
bb20
Convert -2180 (base 9) to base 6.
-11243
-11111111100001 (base 2) to base 10
-16353
What is 233 (base 7) in base 3?
11112
What is 2a4 (base 11) in base 2?
101100100
Convert 100c (base 16) to base 6.
31004
45613 (base 7) to base 4
2311213
What is 10011000110100 (base 2) in base 16?
2634
Convert -1113 (base 7) to base 3.
-112220
Convert -242231 (base 5) to base 9.
-13383
-1456 (base 10) to base 14
-760
Convert -333 (base 10) to base 9.
-410
-8e1 (base 15) to base 10
-2011
-330 (base 4) to base 11
-55
-1101000110110 (base 2) to base 5
-203320
-100365 (base 8) to base 16
-80f5
What is -1032203 (base 4) in base 3?
-20220012
What is 665 (base 13) in base 7?
3125
What is -1001101010111 (base 2) in base 12?
-2a47
Convert 3325 (base 6) to base 7.
2153
What is a16 (base 11) in base 10?
1227
What is -1652 (base 15) in base 9?
-6525
-112823 (base 9) to base 5
-4131422
23113332 (base 4) to base 15
dc10
Convert 100011001010010 (base 2) to base 15.
5502
What is -1000011010 (base 2) in base 15?
-25d
265 (base 7) to base 5
1040
What is -575 (base 16) in base 12?
-985
What is -1270 (base 10) in base 8?
-2366
Convert 5798 (base 13) to base 15.
3998
-100101000 (base 2) to base 10
-296
What is -304 (base 5) in base 14?
-59
What is -10120221201 (base 3) in base 14?
-1ba86
14221 (base 15) to base 3
10021121211
-b8 (base 14) to base 2
-10100010
Convert -205356 (base 7) to base 14.
-cd2d
Convert -32100 (base 5) to base 4.
-201212
Convert -1200001 (base 3) to base 5.
-14331
Convert 2215 (base 8) to base 11.
96a
Convert aa73 (base 11) to base 2.
11100100001000
442 (base 7) to base 2
11100010
10033 (base 5) to base 2
1010000011
-1860 (base 9) to base 14
-743
30014 (base 5) to base 3
2120210
What is -a82 (base 15) in base 3?
-10020212
What is 682 (base 9) in base 15?
275
What is -3511 (base 7) in base 9?
-1674
-190 (base 11) to base 12
-164
-33 (base 11) to base 14
-28
-447a (base 15) to base 10
-14515
Convert 22340 (base 6) to base 12.
19b0
-2450 (base 13) to base 6
-35435
-39207 (base 12) to base 15
-181da
Convert 10010000100000100 (base 2) to base 6.
1330312
What is -11132 (base 4) in base 12?
-252
-1b0 (base 15) to base 16
-186
Convert d2d3 (base 14) to base 12.
18b89
What is -16519 (base 14) in base 13?
-1c589
What is 1bc5 (base 13) in base 9?
5705
What is -10022201 (base 3) in base 7?
-10030
Convert -482b (base 13) to base 6.
-115041
Convert 1113230 (base 4) to base 8.
12754
-302344 (base 6) to base 11
-16a54
Convert d95 (base 15) to base 16.
bf9
18844 (base 11) to base 4
12123001
-510 (base 6) to base 12
-136
Convert 307 (base 15) to base 16.
2aa
13381 (base 9) to base 15
2a44
Convert -5314 (base 6) to base 9.
-1571
-198 (base 15) to base 9
-448
-112 (base 10) to base 3
-11011
3a899 (base 11) to base 2
1110001111000101
-10107 (base 8) to base 6
-31143
What is -10206 (base 11) in base 10?
-14889
1325 (base 6) to base 4
11111
Convert 49c (base 14) to base 2.
1110011010
Convert 29a (base 13) to base 15.
210
11302 (base 4) to base 5
2440
What is 441 (base 12) in base 15?
2ba
Convert -42041 (base 5) to base 15.
-c4b
What is c6b (base 14) in base 8?
4617
What is -4000 (base 13) in base 11?
-666a
What is -304 (base 10) in base 12?
-214
What is 19b0 (base 12) in base 16?
c54
-215 (base 6) to base 16
-53
What is 3112303 (base 4) in base 16?
35b3
Convert -34523 (base 10) to base 5.
-2101043
Convert 1532 (base 11) to base 12.
118